6/(-81) a composite number?
True
Suppose 2*u - 22473 = -5*y, 13*u = 10*u + 12. Is y a prime number?
True
Suppose -2*z + 95558 = 4*d, -5*z + 2*d + 32496 = -206387. Is z composite?
False
Let v be (-6496 + 2)*2/(-4). Let y(a) = -30*a + 3243. Let h be y(0). Suppose -3*j = 5*o - v, -6*o - 2*j = -o - h. Is o prime?
True
Suppose z + 0*z + 3243 = 5*v, 3*z - 1304 = -2*v. Is v composite?
True
Let k be -3 + (-4)/(-4) - -7. Suppose k*y - 484 = y. Let p = y - 38. Is p a prime number?
True
Suppose 4*y = -3*v + 4391, 3 = 5*v - 2*v. Is y prime?
True
Let x = 30 - 28. Let i(v) = 3*v**3 + v**2 - 3*v - 1. Is i(x) a composite number?
True
Suppose -d = -4*r + 192, 4*d = 4*r - d - 208. Suppose 5*m - r = -5*s + 603, -m = 3*s - 384. Is s prime?
True
Suppose -5 = 2*l - 3*l. Suppose 27 = l*s + 2. Suppose w = -4*t + s*w + 2800, 5*t + 4*w = 3527. Is t prime?
False
Let n = -6217 + 15146. Is n a composite number?
False
Let v = 19 - 21. Is 536 + 4 - (v - -1) prime?
True
Let i be -2*(-3 - -2)/1. Suppose i*u + 0 - 8 = -4*k, -5*u - 3*k + 13 = 0. Suppose 0*n + 8 = 2*n, u*n = 4*j - 1020. Is j composite?
False
Let f = -5813 + 8170. Is f a prime number?
True
Let y(t) = -t**2 - 9*t - 9. Let r be y(-7). Suppose 2*z - 24 = -r*p, 2*p = 4*z - p - 74. Suppose -u + 162 = -z. Is u a prime number?
True
Let z = 1 + 0. Let g be 1 + 1/(0 - z). Suppose 5*q = -g*q + 1045. Is q composite?
True
Suppose -4117252 - 5816302 = -134*y. Is y prime?
True
Let d = 3 + 0. Suppose 3*w - 9 = -3*q, -4*q + 6 = -4*w + 2. Suppose q*x - 3*x = 2*h - 335, 0 = -x + d. Is h prime?
False
Is (10*74207/(-14))/(-1) a composite number?
True
Let p(b) = 15*b**2 + 2*b - 39. Let v be p(9). Suppose -4*f + 130 = -v. Is f prime?
True
Suppose 41*w - 17799 = -1768. Is w composite?
True
Let q(v) = 10*v**2 - 11*v**2 - 17*v**3 - 26 + 22 + v. Let t = 1 + -4. Is q(t) a composite number?
False
Suppose 5*t + v = 3*v + 12793, -12797 = -5*t + 3*v. Is t a composite number?
False
Let a(x) = -x**3 + 10*x**2 - 7*x + 7. Suppose 12 = -2*p + 5*p. Let z be 0 - p/(8/(-10)). Is a(z) a composite number?
False
Let o be 2/((-3)/(-12)*2). Suppose -18 = r + o*u, -r - 5*u = -2*r + 9. Let p = r - -29. Is p composite?
False
Suppose -88*z = -76*z - 4668. Is z a prime number?
True
Let t be 22241/(-4) + 7*4/112. Let z = -3197 - t. Is z prime?
False
Let f(q) = q. Let c(y) = y**2 - 21*y + 14. Let x(j) = -c(j) - 5*f(j). Let o(b) = 10*b**3 - b**2 + 2*b - 1. Let z be o(1). Is x(z) prime?
False
Let n(h) be the first derivative of -h**4/2 - 8*h**3/3 + 7*h**2/2 + 11*h - 14. Is n(-8) prime?
True
Let i(c) = 61*c**2 + 13*c + 29. Let v = -13 - -9. Is i(v) composite?
False
Suppose -4*y = 2*y + 3144. Let g = y - -775. Is g a composite number?
False
Suppose -172*z + 162*z = -248350. Is z prime?
False
Let s(a) = -a**3 + a**2 - 2*a + 2. Let o be s(1). Let c(i) = i**2 + 259. Is c(o) composite?
True
Is 6502/8*(7 - (-12)/(-4)) a prime number?
True
Suppose h = 3*o - 125, -234 = 2*h - 0*h + 2*o. Let v = h - -296. Is v a prime number?
False
Let m be -24*8/36*-618. Suppose -5*i + m = 4*w - 199, -5*w - 25 = 0. Is i prime?
False
Suppose 0 = 2*r + 8*r - 150. Is 5218/(-3)*(r/(-10) + 0) composite?
False
Let t(h) = -33*h + 4*h + 2*h**2 - 15 + h**2. Is t(19) a composite number?
True
Suppose -3*w + 4*w = -24. Let o be 18/w + 105/(-4). Is 9742/18 + 6/o a composite number?
False
Suppose -4*w = -12, 54 + 17707 = 4*v - w. Is v prime?
True
Suppose x + 25412 = k, 6*x = 3*k + 5*x - 76230. Is k composite?
False
Suppose 4*x = -2*a - 2*a + 20, -2 = 2*x - 4*a. Suppose 0 = -x*p + 2*h + 3473, -6 + 2 = 4*h. Is p prime?
False
Suppose 4*m - 1731 = m. Suppose -1394 = 10*a + 1186. Let v = a + m. Is v prime?
False
Suppose 23510 = -3*h - 13306. Is h/(-14) - 21/(-49) a prime number?
True
Suppose -3*l + 2627 = 12*j - 17*j, 3*l - 4*j = 2623. Is l a prime number?
False
Let x(u) = -u**3 - 9*u**2 - 12*u - 30. Let n be x(-8). Suppose l - 143 = -2*l - f, -n*f + 194 = 4*l. Is l a composite number?
True
Let w be 8 + -5 + (1 - 1). Suppose 3 + w = 3*z. Suppose -k - 9 = z*k, 3*k = c - 248. Is c prime?
True
Suppose -a = -2*k - 2*a + 7, -3*k - a = -10. Suppose -k*s = -4*o - 2053, -3*o = s - 2*o - 675. Is s a prime number?
False
Let h(r) = 71*r**2 - 4*r + 3. Let p be h(2). Suppose -6 = -3*a, -3*w + 2*w + 4*a - 138 = 0. Let k = p - w. Is k prime?
True
Suppose -51546 = -4*m - 2*y, 5*m - 5*y = -y + 64465. Is m composite?
False
Let k = 15 - -35. Suppose -17 = -u + k. Is u a composite number?
False
Let s(u) be the first derivative of u**2 + 21*u - 1. Let g be (-140)/35*2*(-2)/1. Is s(g) prime?
True
Let x be (2/(-1))/(12/(-30)). Suppose -x*n = 3758 + 1947. Let l = 2064 + n. Is l prime?
False
Let m(c) = c**3 - 9*c**2 + c + 17. Let z be m(12). Suppose -5*x + z = -204. Let f = x - -10. Is f a composite number?
True
Let p be 6/(-4)*8/(-6). Let x be 48/(-6)*(-3)/p. Let c = 67 + x. Is c a prime number?
True
Let w(x) = -x**3 + 2*x + 479. Let g(j) = 5*j**2 - j. Let t(m) = 11*m**2 - 2*m. Let h(k) = 9*g(k) - 4*t(k). Let u be h(0). Is w(u) composite?
False
Let f(l) = l**2 - 3*l + 4*l - 1 - 1 + 0*l**2. Let s be f(-2). Suppose m + 2*m - 18 = s. Is m a composite number?
True
Is ((-29026)/69)/(4/(-6)) composite?
False
Suppose 1859 = 3*q - 1624. Let j = q - 530. Is j composite?
False
Suppose -5*z + 3*r + 2608 = 0, -13*z - 1568 = -16*z + 5*r. Is z a prime number?
True
Let m be (-3)/(-1) - (0 + -149). Let y = 53 - 218. Let t = m - y. Is t composite?
False
Suppose -2*n = 2*w, -4*w = -2*n + n - 10. Let j(t) = -135*t - 1. Is j(n) a composite number?
False
Let w(r) = r**2 - 11*r + 12. Let c be w(10). Suppose c*a - 4*a = 0. Suppose f - 1 = -a, f - 427 = -2*d. Is d a prime number?
False
Is 15909 - 30 - 2/(-4)*-4 composite?
False
Let a(x) = x**2 - 3*x - 10. Let f be a(5). Suppose 2*l - 2338 = -5*c, 5*c - l - 2583 + 242 = f. Suppose -c - 326 = -2*u. Is u prime?
True
Suppose 9*i = -577 - 44. Suppose 0 = 5*l - 4*l - 154. Let x = l + i. Is x a prime number?
False
Let h(a) = 166*a**2 + 117*a + 4. Is h(11) a composite number?
False
Suppose -9*q + 7*q - 22 = 0. Let u(j) = j**3 + 11*j**2 - 8*j + 9. Is u(q) a prime number?
True
Suppose -4*b = -3*o - 184181, -o + 371211 = 5*b + 140961. Is b a prime number?
True
Let j = -202 + 639. Let r(u) = 4*u**2 - 14*u + 4. Let b be r(10). Let y = b + j. Is y composite?
False
Suppose -9767 = 14*j - 486145. Is j a composite number?
True
Let c be (-24)/36*(-15)/2. Suppose -x - c*x = -12. Is x + 2 - 195/(-5) composite?
False
Let r = 11357 + -2914. Is r a prime number?
True
Let q = -2 - -4. Is (-4300)/(-15) + q/6 composite?
True
Suppose 0 = y - c - 127 - 124, 4*y = -4*c + 964. Let f = y - -401. Is f prime?
True
Let r(n) = -92*n + 1 - 7 - 53 + 1. Is r(-21) prime?
False
Suppose 15*r + 135135 = 498630. Is r prime?
False
Let l(y) = 18*y + 74. Is l(14) a prime number?
False
Let u(j) be the second derivative of 131*j**4/6 + j**3/6 + 3*j. Let h be u(1). Suppose -143 = -3*f - 5*g, 5*f - 4*g = -0*f + h. Is f composite?
True
Let s(j) = -26*j + 4. Let z be s(-5). Suppose -3*g + 4*a - z = -5*g, 5*a + 203 = 4*g. Suppose -k + 20 = -g. Is k a prime number?
False
Suppose s - 4*s = 3, -5*o - s = -379894. Is o a composite number?
False
Let d = -40068 + 68527. Is d a prime number?
False
Suppose 3*n - 11065 = -4*q, 5*n - 6*q = -7*q + 18453. Is n a prime number?
True
Let y = -7614 + 16822. Suppose -5*r - 3*r + y = 0. Is r a prime number?
True
Let f(d) = d**3 + 3*d**2 - 4*d + 3. Let l be f(-4). Let r be ((-3)/l - 1) + 5. Suppose -j - r*j = -764. Is j composite?
False
Suppose -45*y + 58*y - 109993 = 0. Is y a prime number?
True
Suppose y - 7820 = s, y + 4*s - 7802 = -s. Is y a composite number?
False
Is (-8 + (-93564)/28)*-7 a prime number?
True
Let w(v) be the second derivative of 503*v**4/12 - v**3/3 - v**2 - 8*v. Is w(-1) prime?
True
Suppose f + 42 + 32 = 0. Let m(o) = o**3 + 11*o**2 - 17*o + 14. Let z be m(-11). Let a = z + f. Is a prime?
True
Let f(o) = -10*o + 1537. Is f(0) a prime number?
False
Let o be (0 + (4 - 4))/(-2) - -133. Let s = 44 + o. Is s composite?
True
Let l = 930 - 12. Suppose 2*w - l = -176. Is w prime?
False
Suppose i = 4*l + 1, -l - i + 6*i - 5 = 0. Suppose l = 3*f + 3*d - 327, 0 = -0*d - 5*d - 20. Is f a composite number?
False
Let t be 418 - ((-4)/12)/((-3)/27). Let f = t + 1354. Is f composite?
True
Let f(t) = 21*t + 13921. I